- 2*x + 1. Let t = 422 - 408. Suppose -15*u = t - 29. What is z(u)?
18
Let y(k) = 165*k + 165*k + 6 + 162*k + 170*k - 657*k. Determine y(5).
31
Suppose 3*c - 21 = 4*x + 9, -c = -3*x - 10. Suppose c*w - 12 = 16*w. Let n(i) = -i. Let r(b) = -50*b. Let z(u) = -40*n(u) + r(u). Give z(w).
20
Let f(y) = y**3 - 5*y**2 - 3*y - 6. Suppose -p - 4*p + 425 = 0. Suppose -2*s - 3*s = 4*o + 215, -5*s + p = -2*o. Let r = 55 + o. Calculate f(r).
-21
Let o(j) = -4*j**2 - 12*j - 11. Let t(g) = -3*g**2 - 10*g - 10. Let u(w) = 4*o(w) - 5*t(w). Determine u(-4).
-18
Let m(v) be the third derivative of -v**6/120 - 3*v**5/20 + v**4/24 - 3*v**3/2 - 13*v**2 + 24*v. Give m(-9).
-18
Suppose 0 = -218*k + 415*k - 204*k + 14. Let w(g) = -2*g**3 + 3*g**2 - 3*g + 2. What is w(k)?
-8
Let i(j) = -47 + 8*j + 8 - 19 + 13 + 7. Determine i(4).
-6
Let z be 5*(16 + -10 + -7). Let q(r) be the first derivative of 3*r - 1/2*r**2 - 4. Determine q(z).
8
Let h(z) = -z**2 + 5*z + 11. Suppose 0 = -o - 3*b, 2*o = 5*b + 13 + 9. Calculate h(o).
5
Let w(f) be the third derivative of f**4/24 + 2*f**3/3 - 11*f**2. Let h(g) = g + 13. Let n(c) = h(c) - 3*w(c). Let q = 3 + -5. Give n(q).
5
Let f(s) = s + 5. Let k(q) = 2*q + 4. Let v(l) = 3*f(l) - 4*k(l). Let g be 13/(-7)*2 + (-12)/42. Determine v(g).
19
Let s(y) be the third derivative of 5*y**4/24 + 2*y**3/3 + 1923*y**2. Let h = -26 + 22. What is s(h)?
-16
Let o(b) = 4374*b**3 - 8749*b**3 - 2*b + b**2 - 1 + 4374*b**3. Give o(0).
-1
Let y(x) = x + 2. Suppose 8*i + 176 = 19*i. Suppose 2*j - 2*h = 16, j - 5*h = i - 4. What is y(j)?
9
Suppose 0 = -36*d + 41*d - f - 2802, 2*d - 5*f = 1130. Suppose 7*s - d = -581. Let i(c) = 5*c + 2. Calculate i(s).
-13
Let o(p) = p**2 - p - 71. Let w(x) = -13*x**2 - 8*x - 498. Let j(q) = 14*o(q) - 2*w(q). Give j(-1).
40
Let f = 44 + -35. Let k(g) = f*g - 1 - 6*g - 4 + g**3 - 5*g**2 - 3. Calculate k(5).
7
Suppose 2*x + 7 = -5*n, -61 = x - 2*n - 26. Let i(a) = a**2 + 31*a + 68. Give i(x).
-142
Let b(j) = j + 1. Let s = -79 - -79. Suppose 2*m - 2 = k, s = -4*m + 2*m + 2*k. Determine b(m).
3
Let v(p) be the third derivative of p**6/120 - p**5/4 + 17*p**4/24 - 7*p**3 + 12*p**2 - 41. What is v(14)?
0
Let x be ((-819)/(-91))/((-1)/((-2)/2)). Let s(j) = -j**3 + 9*j**2 - 5*j + 7. Determine s(x).
-38
Let q(v) = 7 - 6 + 4*v + 3*v. Let a(f) = 7*f + 2. Let o be a(-9). Let h = 60 + o. Determine q(h).
-6
Let s = 37 + -34. Let k be (-28)/6*-3*(s - 6). Let t = -36 - k. Let u(n) = n + 1. Give u(t).
7
Suppose -4 + 89 = 5*o + 5*u, 5*u - 13 = -o. Suppose -50 = -5*k - 5. Let c(v) = v**2 - 1 + k*v - o*v + 9*v. Give c(2).
3
Let u(w) be the second derivative of 1/60*w**5 - 1/6*w**3 + 1/3*w**4 - 12*w + 0 + 7/2*w**2. Let d(z) be the first derivative of u(z). Calculate d(-8).
-1
Let k(n) = -2*n + 52. Suppose -3*a - 36 = -2*m, 4*m - 5*a - 104 = -30. Give k(m).
10
Let s(m) = 3*m**2 - 13*m + 18. Let h = 3221 - 3216. Determine s(h).
28
Suppose j + 0*r - 92 = 2*r, -3*j + 281 = -r. Let s = 96 - j. Let o(q) = -2*q**3 - q**2. Determine o(s).
-20
Suppose 3*j + 0*j - 2990 = -2*u, -1015 = -j + 3*u. Let q(b) = 1998*b**2 - 1 - b + 4*b**3 - j*b**2 - 997*b**2. Determine q(-1).
-3
Let a(p) be the second derivative of -p**5/20 - 11*p**4/12 - 7*p**3/6 - 15*p**2/2 - 6*p + 35. Determine a(-11).
62
Let k(j) = -j**2 + 4*j + 6. Let t(z) = z + 15. Let q(m) = -14. Let x(c) = -6*q(c) - 4*t(c). Suppose -175 = 2795*i - 2820*i. Let r be x(i). Give k(r).
-26
Let c = 353 + -348. Suppose -y = 3*x - 1 - 1, 2*y = -c*x + 2. Let h(p) = 2*p**3 + 6*p**2 + p - 1. Calculate h(y).
-37
Suppose -3*u + 12*d - 7*d - 15 = 0, -15 = 3*u + 4*d. Let r(p) = p**2 + 2*p - 25. Determine r(u).
-10
Suppose 7*a + 88 = 116. Let u(d) = 6 + 2*d - 9 - a*d. Determine u(-2).
1
Suppose 58 - 146 = -2*v - 4*k, 5*k = 15. Suppose 0 = 2*t - 10 + 12, 3*t = 5*m - 13. Let w(r) = -63 + 25 + v - m*r. Calculate w(3).
-6
Suppose 11 = -12*n + 35. Let z(i) = -11*i**2 - i**3 + 2 - i + 7*i**n - i - 1. What is z(-2)?
-3
Let m(v) = v**2 - 7*v + 14. Suppose 211*i - 206*i = -2*c - 2, 0 = c - 4*i - 12. What is m(c)?
2
Let j(i) = 4*i**2 + 70*i - 22. Let m(n) = -5*n**2 - 105*n + 23. Let d(o) = 3*j(o) + 2*m(o). Give d(7).
78
Let h(b) = -47*b + 4. Suppose 0 = o - 2, -3*j = -34*o + 37*o - 9. Calculate h(j).
-43
Let c(s) be the second derivative of s**4/12 - 19*s**3/6 + 16*s**2 - 3170*s. Calculate c(14).
-38
Let u(k) be the third derivative of 0 - 3/8*k**4 - 26*k**2 + 1/3*k**3 + 1/60*k**5 + 0*k. Let g = -14 - -21. What is u(g)?
-12
Let r be (63/6 + -10)/((-12)/24). Let l(n) = -3*n**2 + 16*n + 14. Calculate l(r).
-5
Let j(z) = -z**2 + 2*z - 1. Let h(c) = -35*c**2 - 7*c + 5. Suppose -16*q = -10*q + 6. Let w(d) = q*h(d) - 4*j(d). Give w(-1).
39
Let w(v) = v**2 + 13*v + 33. Let m be w(-12). Suppose -48 = m*u - 15*u. Let p(r) = -r**2 - 11*r - 18. What is p(u)?
6
Let b(l) be the third derivative of l**7/1008 - l**6/144 - l**5/30 - l**4/8 - 4*l**2 - 12*l. Let a(g) be the third derivative of b(g). Calculate a(5).
20
Let i(d) = -d + 7. Let k(m) = m**3 + 6*m**2 - 10 + 7*m**2 - 15*m**2 - 7*m + 6*m**2. Let a be k(-5). Calculate i(a).
7
Let p(z) = z - 2. Let i = -22 - -77. Let d(y) = -y**2 - 15*y + 3. Let f be d(-7). Let q = i - f. Determine p(q).
-6
Let o(g) = 6*g - 9 - 2*g + 2*g + g**2. Let h(i) = 265*i - 9017. Let u be h(34). Determine o(u).
-2
Let p(k) = -4*k + 6*k + 0*k**2 - k**3 - 4*k**2 - 5. Let d = -84 + 74. Let r(a) = a + 5. Let g be r(d). Give p(g).
10
Let f(s) = 46*s - 4230. Let r(u) = -9*u + 769. Let a(v) = -4*f(v) - 22*r(v). Let g be (3/(-9) - -1)*3. Give a(g).
30
Suppose 17*z - 9053 = 2*z - 9263. Let v(b) = -2*b**2 - 24*b + 65. Calculate v(z).
9
Let h be (-14 - -6)*3/(-8). Let b(v) = 2 - 1 - 25*v + v**h + v**2 + 23*v. Let k(g) = 4*g - 7. Let w be k(2). What is b(w)?
1
Let y = -194 - -104. Let r = y + 96. Let f(t) = t + r*t**2 + 4*t + 0*t - 4 + 2 + t**3. Give f(-5).
-2
Let f(o) = o**3 + 2*o**2 + 2*o + 6. Let z = 56 - 54. Let y be 18*(-6)/24*z/3. What is f(y)?
-9
Suppose 15 = 4*g - 5. Let l(n) = 3*n - g + 3 + 0 - 12*n. What is l(-1)?
7
Let d(f) = -2*f - 9. Let i(a) = -10*a - 44. Let g(q) = -14*d(q) + 3*i(q). Let b be 5/45 + (-2)/18. Determine g(b).
-6
Let i(w) be the second derivative of -w**5/20 + w**4/2 - w**3 + 4*w**2 + 6781*w. Determine i(4).
16
Let i be 31/((-279)/(-54)) + -7. Let l(t) = 33*t**2 + 1. Calculate l(i).
34
Let c(b) = b**2 - 3*b. Let z(r) = 14*r**2 - 4. Let a be z(2). Let l = a + -46. Calculate c(l).
18
Let l(a) = -a**2 + 11*a + 2. Suppose 2*m + 21 + 97 = 0. Let o be m/4 - (-10)/(-40). Let i be 4*(-22)/6*o/20. Calculate l(i).
2
Let l(j) = -j**3 - 9*j**2 + 10*j + 18. Suppose 671 - 669 = p + 3*n, 0 = 4*n - 16. Determine l(p).
18
Let k(v) = -v**2 - 6*v + 9. Let q(m) = -m**2 - 5*m + 8. Let n(j) = -j**2 - 2*j + 4. Let p be n(2). Let g = p + 10. Let l(h) = g*q(h) - 5*k(h). What is l(0)?
3
Suppose -4*t - 3*b + 3 = -14, -16 = -5*t - 2*b. Let h(n) = -6*n - 6 - t*n**2 + n**2 - n + n. Let z(s) = s**3 - 2*s**2 - 64*s + 4. Let y be z(9). Calculate h(y).
-1
Let f(d) be the first derivative of -1/4*d**4 + 17*d + 167 + 14/3*d**3 - 13/2*d**2. Calculate f(13).
17
Let w(y) = 3*y - 14. Let j = -5430 + 5435. Calculate w(j).
1
Let y(j) = -j**3 + 7*j**2 + 4*j - 63. Let t be y(6). Let a(g) = g + 2*g**3 + g - 2 + 5*g**2 - g. What is a(t)?
-14
Suppose 2*c = -i, 33*i = 34*i - 4*c + 12. Let w(m) be the first derivative of -m**4/4 - m**3/3 + 3*m**2/2 + 2*m - 1. Give w(i).
38
Let n(a) = 2*a. Let u(z) = -33 + 7*z - 71 + 41 - 57. Let f be u(19). Give n(f).
26
Let b(c) be the third derivative of -c**6/120 + 3*c**5/20 - 3*c**4/8 + c**3/3 + c**2. Let d(q) = -403*q - 2007. Let y be d(-5). Determine b(y).
-6
Suppose 0 = 2914*s - 2916*s + 4*q - 8, 3*q = -2*s + 34. Let m(u) = u**3 - 10*u**2 + 24*u - 36. Calculate m(s).
28
Suppose -23*i - 11 = -172. Let f(t) = -7*t + 40. Give f(i).
-9
Let d(c) = c**2 + 7*c - 371. Let z(w) = 186*w + 6712. Let s be z(-36). Calculate d(s).
-3
Let p(x) = -7*x - 8. Suppose -5*s + 25 = -a, -10*a + 4*a = -4*s + 46. Give p(s).
-36
Let c(u) = u**3 + 16*u**2 + 15*u - 3. Let q(a) = -3 - 17 + 0 - a. Let s be q(-5). Let b be c(s). Let k(f) = -7*f - 4. Calculate k(b).
17
Let w(k) = -k**3 + 6*k**2 - 53*k + 319. Let h be w(6). Let g(d) = -6*d**2 - 2*d + 3. Give g(h).
-5
Let k(c) = -c**3 + c**2 - c. Let j(m) = -7*m**2 - 2*m + 7. Let t(a) = 